{"id":9,"date":"2018-08-11T09:59:26","date_gmt":"2018-08-11T07:59:26","guid":{"rendered":"https:\/\/2018.lausanne.wordcamp.org\/sessions\/"},"modified":"2018-08-13T23:41:24","modified_gmt":"2018-08-13T21:41:24","slug":"sessions","status":"publish","type":"page","link":"https:\/\/lausanne.wordcamp.org\/2018\/sessions\/","title":{"rendered":"Sessions"},"content":{"rendered":"<p>Etat au 14 ao\u00fbt. Sous r\u00e9serve de modifications.<\/p>\n\n\t<div class=\"wcorg-sessions\">\n\t\t\n\t\t\t<div id=\"wcorg-session-1406\" class=\"wcorg-session\" >\n\t\t\t\t<h2>\n\t\t\t\t\tA deep dive into WordPress performance\t\t\t\t<\/h2>\n\n\t\t\t\t<div class=\"wcorg-session-description\">\n\t\t\t\t\t\t\t\t\t\t<p class=\"wcpt-session-meta\">Pr\u00e9sent\u00e9 par <a href=\"https:\/\/lausanne.wordcamp.org\/2018\/speaker\/mike-rynart\/\">Mike Rynart<\/a> dans Salle principale.<\/p>\t\t\t\t\t<img alt='' src='https:\/\/secure.gravatar.com\/avatar\/34d63ee6b3fd5444e5d4c775962ef070b09fa2784be6cf520b1780918b9ddb3b?s=100&#038;d=mm&#038;r=g' class='avatar avatar-100 photo' height='100' width='100' \/>\t\t\t\t\t<p>A deep dive into WordPress performance enhancements with a resounding impact on organic traffic, content engagement, and conversions. User are expecting more and more from the web experiences that they interact with, and want their sites to load instantly. The key to a good user experience is quickly delivering the content your visitors care about the most.<\/p>\n<p>In this talk, I&rsquo;ll give you a whirlwind tour of tips and tricks how to speed up your website. <a href=\"https:\/\/lausanne.wordcamp.org\/2018\/session\/a-deep-dive-into-wordpress-performance\/#more-1406\" class=\"more-link\"><span aria-label=\"Lire la suite de A deep dive into WordPress performance\">(suite\u2026)<\/span><\/a><\/p>\n\n\t\t\t\t\t\t\t\t\t<\/div>\n\t\t\t<\/div>\n\n\t\t\n\t\t\t<div id=\"wcorg-session-1610\" class=\"wcorg-session\" >\n\t\t\t\t<h2>\n\t\t\t\t\tBest practices for my first website\t\t\t\t<\/h2>\n\n\t\t\t\t<div class=\"wcorg-session-description\">\n\t\t\t\t\t\t\t\t\t\t<p class=\"wcpt-session-meta\">Pr\u00e9sent\u00e9 par <a href=\"https:\/\/lausanne.wordcamp.org\/2018\/speaker\/alena-belousova\/\">Alena Belousova<\/a> dans Salle des ateliers.<\/p>\t\t\t\t\t<img alt='' src='https:\/\/secure.gravatar.com\/avatar\/3e57cb1feb91b676b3bf52e5fba6d35382ac0bfefd57e6849c42ccdac0d2777b?s=100&#038;d=mm&#038;r=g' class='avatar avatar-100 photo' height='100' width='100' \/>\t\t\t\t\t<p>My mission is to help every #entrepreneur and small business to understand all possibilities of the modern Internet and to do a conscious choice about their strategy how to reach their customers and let their business a good start.Step-by-step practice for non-developers on how to create their own website on WordPress.<br \/>\n&#8211; Comparison with other solutions.<br \/>\n&#8211; Advantages of using WordPress.<br \/>\n&#8211; Domain, hosting, SEO.<br \/>\n&#8211; Advantages of using Ocean WP theme and Elementor plugin.<\/p>\n\n\t\t\t\t\t\t\t\t\t<\/div>\n\t\t\t<\/div>\n\n\t\t\n\t\t\t<div id=\"wcorg-session-1435\" class=\"wcorg-session\" >\n\t\t\t\t<h2>\n\t\t\t\t\tCombattre la peur de la prise de parole en public\t\t\t\t<\/h2>\n\n\t\t\t\t<div class=\"wcorg-session-description\">\n\t\t\t\t\t\t\t\t\t\t<p class=\"wcpt-session-meta\">Pr\u00e9sent\u00e9 par <a href=\"https:\/\/lausanne.wordcamp.org\/2018\/speaker\/patricia-bt\/\">Patricia BT<\/a> dans Salle des ateliers.<\/p>\t\t\t\t\t<img alt='' src='https:\/\/secure.gravatar.com\/avatar\/c33dffb0341aeea5d96c65cebc3e165acf0326be7d7b2a7670310139309c1100?s=100&#038;d=mm&#038;r=g' class='avatar avatar-100 photo' height='100' width='100' \/>\t\t\t\t\t\n\t\t\t\t\t\t\t\t\t<\/div>\n\t\t\t<\/div>\n\n\t\t\n\t\t\t<div id=\"wcorg-session-1441\" class=\"wcorg-session\" >\n\t\t\t\t<h2>\n\t\t\t\t\tComment piloter \u00e0 distance ses \u00e9quipes ou la bo\u00eete \u00e0 outil de tous t\u00e9l\u00e9travailleurs\t\t\t\t<\/h2>\n\n\t\t\t\t<div class=\"wcorg-session-description\">\n\t\t\t\t\t\t\t\t\t\t<p class=\"wcpt-session-meta\">Pr\u00e9sent\u00e9 par <a href=\"https:\/\/lausanne.wordcamp.org\/2018\/speaker\/emilie-lebrun\/\">Emilie Lebrun<\/a> dans Salle principale.<\/p>\t\t\t\t\t<img alt='' src='https:\/\/secure.gravatar.com\/avatar\/1aec4693cf90cf2660def8692e0a0c84fa8d59380cb6e9a882b27c4b19a47ea1?s=100&#038;d=mm&#038;r=g' class='avatar avatar-100 photo' height='100' width='100' \/>\t\t\t\t\t<p>De plus en plus d\u2019entreprises permettent ou sont 100% en t\u00e9l\u00e9travail, tout comme chaque ann\u00e9e des dizaines de WordCamps sont organis\u00e9s \u00e0 distance. Cette nouvelle fa\u00e7on de collaborer offre de nombreuses opportunit\u00e9s et b\u00e9n\u00e9fices pour les salari\u00e9s mais entra\u00eenent \u00e9galement une remise en question des outils et du management. <a href=\"https:\/\/lausanne.wordcamp.org\/2018\/session\/comment-piloter-a-distance-ses-equipes-ou-la-boite-a-outil-de-tous-teletravailleurs\/#more-1441\" class=\"more-link\"><span aria-label=\"Lire la suite de Comment piloter \u00e0 distance ses \u00e9quipes ou la bo\u00eete \u00e0 outil de tous t\u00e9l\u00e9travailleurs\">(suite\u2026)<\/span><\/a><\/p>\n\n\t\t\t\t\t\t\t\t\t<\/div>\n\t\t\t<\/div>\n\n\t\t\n\t\t\t<div id=\"wcorg-session-1437\" class=\"wcorg-session\" >\n\t\t\t\t<h2>\n\t\t\t\t\tDesign et Marketing : guidelines et process au service de vos projets web\t\t\t\t<\/h2>\n\n\t\t\t\t<div class=\"wcorg-session-description\">\n\t\t\t\t\t\t\t\t\t\t<p class=\"wcpt-session-meta\">Pr\u00e9sent\u00e9 par <a href=\"https:\/\/lausanne.wordcamp.org\/2018\/speaker\/frederique-game\/\">Fr\u00e9d\u00e9rique Game<\/a> dans Salle principale.<\/p>\t\t\t\t\t<img alt='' src='https:\/\/secure.gravatar.com\/avatar\/33a07b02265cf01f2050dd1f3091c0917a13a3541122aa072c2120fed490fdba?s=100&#038;d=mm&#038;r=g' class='avatar avatar-100 photo' height='100' width='100' \/>\t\t\t\t\t<p>Afin de bien structurer le p\u00e9rim\u00e8tre d&rsquo;un projet web et r\u00e9pondre aux besoins d&rsquo;un client : mettre en place une communication sur mesure \u00e0 l&rsquo;aide de guides, guidelines, patterns, r\u00e8gles de marketing et typographiques, \u00e9tablir des flux et process efficaces.<\/p>\n\n\t\t\t\t\t\t\t\t\t<\/div>\n\t\t\t<\/div>\n\n\t\t\n\t\t\t<div id=\"wcorg-session-1415\" class=\"wcorg-session\" >\n\t\t\t\t<h2>\n\t\t\t\t\tEmbracing Gutenberg in existing code\t\t\t\t<\/h2>\n\n\t\t\t\t<div class=\"wcorg-session-description\">\n\t\t\t\t\t\t\t\t\t\t<p class=\"wcpt-session-meta\">Pr\u00e9sent\u00e9 par <a href=\"https:\/\/lausanne.wordcamp.org\/2018\/speaker\/alain-schlesser\/\">Alain Schlesser<\/a> dans Salle des ateliers.<\/p>\t\t\t\t\t<img alt='' src='https:\/\/secure.gravatar.com\/avatar\/?s=100&#038;d=mm&#038;r=g' class='avatar avatar-100 photo avatar-default' height='100' width='100' \/>\t\t\t\t\t<p>An overview of the general concepts that govern development in the Gutenberg era.<\/p>\n<p>Discussion of the different tricks &amp; techniques you can use to gradually move your existing code from here to there, in a clean transition.<\/p>\n<p>Gutenberg is a major change to how you develop software for WordPress. The changes will start with the WordPress editor but the long term plan is for Gutenberg to slowly take over the entire admin interface.<\/p>\n<p>If you already have existing plugin or theme code that you need to maintain and make ready for the upcoming Gutenberg update, you will probably face some architectural design challenges. This session will help prepare you to make those changes in a clean transition.<\/p>\n\n\t\t\t\t\t\t\t\t\t<\/div>\n\t\t\t<\/div>\n\n\t\t\n\t\t\t<div id=\"wcorg-session-1458\" class=\"wcorg-session\" >\n\t\t\t\t<h2>\n\t\t\t\t\tHow to get your visitors where they need to be\t\t\t\t<\/h2>\n\n\t\t\t\t<div class=\"wcorg-session-description\">\n\t\t\t\t\t\t\t\t\t\t<p class=\"wcpt-session-meta\">Pr\u00e9sent\u00e9 par <a href=\"https:\/\/lausanne.wordcamp.org\/2018\/speaker\/mark-howells-mead\/\">Mark Howells-Mead<\/a> dans Salle principale.<\/p>\t\t\t\t\t<img alt='' src='https:\/\/secure.gravatar.com\/avatar\/a133e56712d12c4d2add2d1668313203eb3d5a76f41e793a2e7c2012131b6b16?s=100&#038;d=mm&#038;r=g' class='avatar avatar-100 photo' height='100' width='100' \/>\t\t\t\t\t<p>During my talk, we\u2019ll look at a few common theme concepts as they apply to live websites, and explain how to plan the layout of your site to ensure that visitors get to the information they need as quickly and easily as possible.<\/p>\n<p> <a href=\"https:\/\/lausanne.wordcamp.org\/2018\/session\/how-to-get-your-visitors-where-they-need-to-be\/#more-1458\" class=\"more-link\"><span aria-label=\"Lire la suite de How to get your visitors where they need to be\">(suite\u2026)<\/span><\/a><\/p>\n\n\t\t\t\t\t\t\t\t\t<\/div>\n\t\t\t<\/div>\n\n\t\t\n\t\t\t<div id=\"wcorg-session-1410\" class=\"wcorg-session\" >\n\t\t\t\t<h2>\n\t\t\t\t\tImpacts of GDPR in Actuarial work\t\t\t\t<\/h2>\n\n\t\t\t\t<div class=\"wcorg-session-description\">\n\t\t\t\t\t\t\t\t\t\t<p class=\"wcpt-session-meta\">Pr\u00e9sent\u00e9 par <a href=\"https:\/\/lausanne.wordcamp.org\/2018\/speaker\/petra-wildemann\/\">Petra Wildemann<\/a> dans Salle des ateliers.<\/p>\t\t\t\t\t<img alt='' src='https:\/\/secure.gravatar.com\/avatar\/cb362e25e31fd0db7aa5f657efdd0c10c9413c8545795be4604a8814c2426835?s=100&#038;d=mm&#038;r=g' class='avatar avatar-100 photo' height='100' width='100' \/>\t\t\t\t\t<p>\u00ab\u00a0GDPR has a special impact to Actuarial work, which deals with numbers, portfolios and requires personal data in order to do the calculations for pricing along the value chain for insurers. Actuarial work is often outsourced and requires the access of data.<\/p>\n<p>In my discussion, I give use cases and examples what is the impact of GDPR to Actuarial work.\u00a0\u00bb <a href=\"https:\/\/lausanne.wordcamp.org\/2018\/session\/les-alternatives-a-google-map\/#more-1410\" class=\"more-link\"><span aria-label=\"Lire la suite de Impacts of GDPR in Actuarial work\">(suite\u2026)<\/span><\/a><\/p>\n\n\t\t\t\t\t\t\t\t\t<\/div>\n\t\t\t<\/div>\n\n\t\t\n\t\t\t<div id=\"wcorg-session-1460\" class=\"wcorg-session\" >\n\t\t\t\t<h2>\n\t\t\t\t\tIntroduction to Gutenberg\t\t\t\t<\/h2>\n\n\t\t\t\t<div class=\"wcorg-session-description\">\n\t\t\t\t\t\t\t\t\t\t<p class=\"wcpt-session-meta\">Pr\u00e9sent\u00e9 par <a href=\"https:\/\/lausanne.wordcamp.org\/2018\/speaker\/ulrich-pogson\/\">Ulrich Pogson<\/a> dans Salle des ateliers.<\/p>\t\t\t\t\t<img alt='' src='https:\/\/secure.gravatar.com\/avatar\/eae9b03fdf1750ad9ecddf610003712fb406bce09006a0c4596071960057ea0e?s=100&#038;d=mm&#038;r=g' class='avatar avatar-100 photo' height='100' width='100' \/>\t\t\t\t\t\n\t\t\t\t\t\t\t\t\t<\/div>\n\t\t\t<\/div>\n\n\t\t\n\t\t\t<div id=\"wcorg-session-1420\" class=\"wcorg-session\" >\n\t\t\t\t<h2>\n\t\t\t\t\tLes 10 cl\u00e9s strat\u00e9giques pour \u00e9crire comme un PRO du SEO &#8230; sans \u00eatre un pro\t\t\t\t<\/h2>\n\n\t\t\t\t<div class=\"wcorg-session-description\">\n\t\t\t\t\t\t\t\t\t\t<p class=\"wcpt-session-meta\">Pr\u00e9sent\u00e9 par <a href=\"https:\/\/lausanne.wordcamp.org\/2018\/speaker\/francois-lamotte\/\">Fran\u00e7ois Lamotte<\/a> dans Salle principale.<\/p>\t\t\t\t\t<img alt='' src='https:\/\/secure.gravatar.com\/avatar\/e6827c458a4f2230899761c227290cb0229378ce2109cbe5c7d9f31ae6027543?s=100&#038;d=mm&#038;r=g' class='avatar avatar-100 photo' height='100' width='100' \/>\t\t\t\t\t<p>Ecrire pour arriver \u00e0 classer un texte dans un TOP 10 sans utiliser le netlinking, est-ce possible en 2018 sans tricher?<\/p>\n<p>Il y a eu l&rsquo;\u00e9poque des mots-cl\u00e9s qu&rsquo;il fallait mouliner, puis Google Panda est pass\u00e9 par l\u00e0. Il a fallu d\u00e9velopper des structures de textes plus \u00e9labor\u00e9es pour aider RankBrain \u00e0 classer nos contenus : Commencer \u00e0 mesurer la longueur de son texte, l&rsquo;usage de certaines phrases ou certaines expressions, l&rsquo;usage de certains m\u00e9dias (ou pas), de meta-donn\u00e9es structur\u00e9es, &#8230; <a href=\"https:\/\/lausanne.wordcamp.org\/2018\/session\/les-10-cles-strategiques-pour-ecrire-comme-un-pro-du-seo-sans-etre-un-pro\/#more-1420\" class=\"more-link\"><span aria-label=\"Lire la suite de Les 10 cl\u00e9s strat\u00e9giques pour \u00e9crire comme un PRO du SEO &#8230; sans \u00eatre un pro\">(suite\u2026)<\/span><\/a><\/p>\n\n\t\t\t\t\t\t\t\t\t<\/div>\n\t\t\t<\/div>\n\n\t\t\n\t\t\t<div id=\"wcorg-session-1433\" class=\"wcorg-session\" >\n\t\t\t\t<h2>\n\t\t\t\t\tMy WordPress story: From hobby to agency to pursuing my dream\t\t\t\t<\/h2>\n\n\t\t\t\t<div class=\"wcorg-session-description\">\n\t\t\t\t\t\t\t\t\t\t<p class=\"wcpt-session-meta\">Pr\u00e9sent\u00e9 par <a href=\"https:\/\/lausanne.wordcamp.org\/2018\/speaker\/silvan-hagen\/\">Silvan Hagen<\/a> dans Salle des ateliers.<\/p>\t\t\t\t\t<img alt='' src='https:\/\/secure.gravatar.com\/avatar\/5c492246720403b51d4d35624a8ef01826c5a3813cbf6a49ce33e657f4a32fb7?s=100&#038;d=mm&#038;r=g' class='avatar avatar-100 photo' height='100' width='100' \/>\t\t\t\t\t<p>I started working with WordPress in 2006 when I first discovered it. Back then you couldn&rsquo;t even set a static home page for your site and it was still targeted as a tool mostly for blogging. Nevertheless I fell in love with the ease of use and the flexiblity of extending it through plugins. After some experience as a frontend engineer, mostly for .NET projects with a small and then a big agency, I ended up coding WordPress projects at the big agency. As I still used WordPress for my own sites and a few side-projects, this was huge for me.  <a href=\"https:\/\/lausanne.wordcamp.org\/2018\/session\/my-wordpress-story-from-hobby-to-agency-to-pursuing-my-dream\/#more-1433\" class=\"more-link\"><span aria-label=\"Lire la suite de My WordPress story: From hobby to agency to pursuing my dream\">(suite\u2026)<\/span><\/a><\/p>\n\n\t\t\t\t\t\t\t\t\t<\/div>\n\t\t\t<\/div>\n\n\t\t\n\t\t\t<div id=\"wcorg-session-1452\" class=\"wcorg-session\" >\n\t\t\t\t<h2>\n\t\t\t\t\tOutils de d\u00e9veloppement avanc\u00e9s sur WordPress\t\t\t\t<\/h2>\n\n\t\t\t\t<div class=\"wcorg-session-description\">\n\t\t\t\t\t\t\t\t\t\t<p class=\"wcpt-session-meta\">Pr\u00e9sent\u00e9 par <a href=\"https:\/\/lausanne.wordcamp.org\/2018\/speaker\/jeremy-matter\/\">Jeremy Matter<\/a> dans Salle principale.<\/p>\t\t\t\t\t<img alt='' src='https:\/\/secure.gravatar.com\/avatar\/f39dd2a1251ea6ca25cee7b3cc1a45a30da3c5b4078287874b6b01a2fa2eb851?s=100&#038;d=mm&#038;r=g' class='avatar avatar-100 photo' height='100' width='100' \/>\t\t\t\t\t<p>Pr\u00e9sentation de l&rsquo;\u00e9volution des outils utilis\u00e9s dans mon workflow de d\u00e9veloppement.<br \/>\nPr\u00e9sentation des outils de root.io afin d&rsquo;amener le d\u00e9veloppement WordPress \u00e0 un autre niveau.<\/p>\n\n\t\t\t\t\t\t\t\t\t<\/div>\n\t\t\t<\/div>\n\n\t\t\n\t\t\t<div id=\"wcorg-session-1413\" class=\"wcorg-session\" >\n\t\t\t\t<h2>\n\t\t\t\t\tPricing WordPress projects with confidence\t\t\t\t<\/h2>\n\n\t\t\t\t<div class=\"wcorg-session-description\">\n\t\t\t\t\t\t\t\t\t\t<p class=\"wcpt-session-meta\">Pr\u00e9sent\u00e9 par <a href=\"https:\/\/lausanne.wordcamp.org\/2018\/speaker\/marius-vetrici\/\">Marius Vetrici<\/a> dans Salle principale.<\/p>\t\t\t\t\t<img alt='' src='https:\/\/secure.gravatar.com\/avatar\/5d742522a6b4e08d67c4a771ba7cb8c0886d1ac85c7c44276074d78796508e5c?s=100&#038;d=mm&#038;r=g' class='avatar avatar-100 photo' height='100' width='100' \/>\t\t\t\t\t<p>The CHAOS reports published the Standish Group reveal the dramatic reality of the software projects: 19% of the web projects are considered complete failures, 52% are challenged and only 29% of the projects are considered successful.<\/p>\n<p>In this presentation, a repeatable process for project estimation and pricing will be illustrated. The process manages to harness the black art of project estimation through a methodical approach and scientific tools.<\/p>\n<p> <a href=\"https:\/\/lausanne.wordcamp.org\/2018\/session\/pricing-wordpress-projects-with-confidence\/#more-1413\" class=\"more-link\"><span aria-label=\"Lire la suite de Pricing WordPress projects with confidence\">(suite\u2026)<\/span><\/a><\/p>\n\n\t\t\t\t\t\t\t\t\t<\/div>\n\t\t\t<\/div>\n\n\t\t\n\t\t\t<div id=\"wcorg-session-1422\" class=\"wcorg-session\" >\n\t\t\t\t<h2>\n\t\t\t\t\tProgressive Web Apps &#8211; The next big thing\t\t\t\t<\/h2>\n\n\t\t\t\t<div class=\"wcorg-session-description\">\n\t\t\t\t\t\t\t\t\t\t<p class=\"wcpt-session-meta\">Pr\u00e9sent\u00e9 par <a href=\"https:\/\/lausanne.wordcamp.org\/2018\/speaker\/nico-martin\/\">Nico Martin<\/a> dans Salle des ateliers.<\/p>\t\t\t\t\t<img alt='' src='https:\/\/secure.gravatar.com\/avatar\/f627911cfed5c5ce464b3beed64ea94080cbdebb4c24ebfa335d8725dfac6032?s=100&#038;d=mm&#038;r=g' class='avatar avatar-100 photo' height='100' width='100' \/>\t\t\t\t\t<p style=\"font-weight: 400\">Progressive Web Apps offer new ways of delivering great user experiences over the web.<\/p>\n<p style=\"font-weight: 400\">In this talk, I will give an overview about PWAs, what they are, what problems they solve and why they are amazing. Then, of course, I will give an introduction on how you can use PWA features on any WordPress site, together with a little sneak peek at what is planned for the WordPress Core.<\/p>\n\n\t\t\t\t\t\t\t\t\t<\/div>\n\t\t\t<\/div>\n\n\t\t\n\t\t\t<div id=\"wcorg-session-1467\" class=\"wcorg-session\" >\n\t\t\t\t<h2>\n\t\t\t\t\tPublish a Podcast with WordPress\t\t\t\t<\/h2>\n\n\t\t\t\t<div class=\"wcorg-session-description\">\n\t\t\t\t\t\t\t\t\t\t<p class=\"wcpt-session-meta\">Pr\u00e9sent\u00e9 par <a href=\"https:\/\/lausanne.wordcamp.org\/2018\/speaker\/simon-kraft\/\">Simon Kraft<\/a> dans Salle des ateliers.<\/p>\t\t\t\t\t<img alt='' src='https:\/\/secure.gravatar.com\/avatar\/5c70c8457ca931d6aeed65b8c65e68aa5e12b0e742334c2c2e233affe2f193f3?s=100&#038;d=mm&#038;r=g' class='avatar avatar-100 photo' height='100' width='100' \/>\t\t\t\t\t<p>Podcasting is like blogging in audio. Thats (and some technical details) are the reason, why WordPress happens to be the perfect platform for podcast publishing. <a href=\"https:\/\/lausanne.wordcamp.org\/2018\/session\/publish-a-podcast-with-wordpress\/#more-1467\" class=\"more-link\"><span aria-label=\"Lire la suite de Publish a Podcast with WordPress\">(suite\u2026)<\/span><\/a><\/p>\n\n\t\t\t\t\t\t\t\t\t<\/div>\n\t\t\t<\/div>\n\n\t\t\n\t\t\t<div id=\"wcorg-session-1439\" class=\"wcorg-session\" >\n\t\t\t\t<h2>\n\t\t\t\t\tSetting up the ideal webserver for WordPress: from zero to hero!\t\t\t\t<\/h2>\n\n\t\t\t\t<div class=\"wcorg-session-description\">\n\t\t\t\t\t\t\t\t\t\t<p class=\"wcpt-session-meta\">Pr\u00e9sent\u00e9 par <a href=\"https:\/\/lausanne.wordcamp.org\/2018\/speaker\/george-gkouvousis\/\">George Gkouvousis<\/a> dans Salle des ateliers.<\/p>\t\t\t\t\t<img alt='' src='https:\/\/secure.gravatar.com\/avatar\/9a4800d0ff1b5f09cb4968eb63fdc829bf750b118442e234068bbfcab1183c0b?s=100&#038;d=mm&#038;r=g' class='avatar avatar-100 photo' height='100' width='100' \/>\t\t\t\t\t<p>at the end of my talk, everyone should be able to make his\/her Virtual Private Server to a blazing fast WordPress LNMP stack. We gonna talk about NGINX, PHP7, MySQL\/MariaDB, Redis Cache, ways of speeding up WordPress an a few other performance-related things.<\/p>\n\n\t\t\t\t\t\t\t\t\t<\/div>\n\t\t\t<\/div>\n\n\t\t\n\t\t\t<div id=\"wcorg-session-1426\" class=\"wcorg-session\" >\n\t\t\t\t<h2>\n\t\t\t\t\tTable ronde -&gt; Multilingue\t\t\t\t<\/h2>\n\n\t\t\t\t<div class=\"wcorg-session-description\">\n\t\t\t\t\t\t\t\t\t\t<p class=\"wcpt-session-meta\">Pr\u00e9sent\u00e9 par <a href=\"https:\/\/lausanne.wordcamp.org\/2018\/speaker\/remy-blattler\/\">R\u00e9my Bl\u00e4ttler<\/a>, <a href=\"https:\/\/lausanne.wordcamp.org\/2018\/speaker\/frederic-demarle\/\">Fr\u00e9d\u00e9ric Demarle<\/a>, <a href=\"https:\/\/lausanne.wordcamp.org\/2018\/speaker\/robert-windisch\/\">Robert Windisch<\/a>, <a href=\"https:\/\/lausanne.wordcamp.org\/2018\/speaker\/pascal-hammerli\/\">Pascal H\u00e4mmerli<\/a> dans Salle principale.<\/p>\t\t\t\t\t<img alt='' src='https:\/\/secure.gravatar.com\/avatar\/e5017e6c06d50b9e9f259a0b11c0c60d4e516907c7c101e3dcb4b1391a4ac28e?s=100&#038;d=mm&#038;r=g' class='avatar avatar-100 photo' height='100' width='100' \/><img alt='' src='https:\/\/secure.gravatar.com\/avatar\/0cce76505484c6d8d6f109beda63cea0d0c8f58e1657bd24bc60febe74e83917?s=100&#038;d=mm&#038;r=g' class='avatar avatar-100 photo' height='100' width='100' \/><img alt='' src='https:\/\/secure.gravatar.com\/avatar\/8f47320ec43c97d6d56550d6c6c37668d81e34823959893dc1eb52e2f642e968?s=100&#038;d=mm&#038;r=g' class='avatar avatar-100 photo' height='100' width='100' \/><img alt='' src='https:\/\/secure.gravatar.com\/avatar\/6e0f409c37ee78e4855be6a15623acbc32084c815ddae6ccbf267f21c7501fd1?s=100&#038;d=mm&#038;r=g' class='avatar avatar-100 photo' height='100' width='100' \/>\t\t\t\t\t\n\t\t\t\t\t\t\t\t\t<\/div>\n\t\t\t<\/div>\n\n\t\t\n\t\t\t<div id=\"wcorg-session-1464\" class=\"wcorg-session\" >\n\t\t\t\t<h2>\n\t\t\t\t\tTable ronde -&gt; WordPress et les Femmes en 2018\t\t\t\t<\/h2>\n\n\t\t\t\t<div class=\"wcorg-session-description\">\n\t\t\t\t\t\t\t\t\t\t<p class=\"wcpt-session-meta\">Pr\u00e9sent\u00e9 par <a href=\"https:\/\/lausanne.wordcamp.org\/2018\/speaker\/carole-olinger\/\">Carole Olinger<\/a>, <a href=\"https:\/\/lausanne.wordcamp.org\/2018\/speaker\/patricia-bt\/\">Patricia BT<\/a>, <a href=\"https:\/\/lausanne.wordcamp.org\/2018\/speaker\/deborah-donnier\/\">Deborah Donnier<\/a>, <a href=\"https:\/\/lausanne.wordcamp.org\/2018\/speaker\/frederique-game\/\">Fr\u00e9d\u00e9rique Game<\/a>, <a href=\"https:\/\/lausanne.wordcamp.org\/2018\/speaker\/emilie-lebrun\/\">Emilie Lebrun<\/a> dans Salle principale.<\/p>\t\t\t\t\t<img alt='' src='https:\/\/secure.gravatar.com\/avatar\/9174c32707feb7ef28e5fdf3c765522b045f6f926b2de4075e315662e6dd71b9?s=100&#038;d=mm&#038;r=g' class='avatar avatar-100 photo' height='100' width='100' \/><img alt='' src='https:\/\/secure.gravatar.com\/avatar\/c33dffb0341aeea5d96c65cebc3e165acf0326be7d7b2a7670310139309c1100?s=100&#038;d=mm&#038;r=g' class='avatar avatar-100 photo' height='100' width='100' \/><img alt='' src='https:\/\/secure.gravatar.com\/avatar\/6a296f50f3559e910545387385318267b4e332000d23367f11cc58f61470b430?s=100&#038;d=mm&#038;r=g' class='avatar avatar-100 photo' height='100' width='100' \/><img alt='' src='https:\/\/secure.gravatar.com\/avatar\/33a07b02265cf01f2050dd1f3091c0917a13a3541122aa072c2120fed490fdba?s=100&#038;d=mm&#038;r=g' class='avatar avatar-100 photo' height='100' width='100' \/><img alt='' src='https:\/\/secure.gravatar.com\/avatar\/1aec4693cf90cf2660def8692e0a0c84fa8d59380cb6e9a882b27c4b19a47ea1?s=100&#038;d=mm&#038;r=g' class='avatar avatar-100 photo' height='100' width='100' \/>\t\t\t\t\t<p>Quelle est la place des femmes dans la communaut\u00e9 WordPress en 2018.<\/p>\n<p>Une table ronde pour en d\u00e9battre.<\/p>\n\n\t\t\t\t\t\t\t\t\t<\/div>\n\t\t\t<\/div>\n\n\t\t\n\t\t\t<div id=\"wcorg-session-1688\" class=\"wcorg-session\" >\n\t\t\t\t<h2>\n\t\t\t\t\tTheme Development with Timber &amp; Twig\t\t\t\t<\/h2>\n\n\t\t\t\t<div class=\"wcorg-session-description\">\n\t\t\t\t\t\t\t\t\t\t<p class=\"wcpt-session-meta\">Pr\u00e9sent\u00e9 par <a href=\"https:\/\/lausanne.wordcamp.org\/2018\/speaker\/pascal-knecht\/\">Pascal Knecht<\/a> dans Salle des ateliers.<\/p>\t\t\t\t\t<img alt='' src='https:\/\/secure.gravatar.com\/avatar\/2934c65541490265da254177ba811762e71b04803691d0c02a8dceb9fafe07a4?s=100&#038;d=mm&#038;r=g' class='avatar avatar-100 photo' height='100' width='100' \/>\t\t\t\t\t<p>Timber is a WordPress integration of the popular templating language Twig. The powerful combination of Twig with WordPress enables developers to efficiently build Themes for WordPress. In this talk I am going to explain how Timber and Twig work and how to avoid the pitfalls that come with this integration.<\/p>\n\n\t\t\t\t\t\t\t\t\t<\/div>\n\t\t\t<\/div>\n\n\t\t\n\t\t\t<div id=\"wcorg-session-1429\" class=\"wcorg-session\" >\n\t\t\t\t<h2>\n\t\t\t\t\tTwo ways to create a staging site &#8211; a practical demo\t\t\t\t<\/h2>\n\n\t\t\t\t<div class=\"wcorg-session-description\">\n\t\t\t\t\t\t\t\t\t\t<p class=\"wcpt-session-meta\">Pr\u00e9sent\u00e9 par <a href=\"https:\/\/lausanne.wordcamp.org\/2018\/speaker\/andras-guseo\/\">Andr\u00e1s Guseo<\/a> dans Salle des ateliers.<\/p>\t\t\t\t\t<img alt='' src='https:\/\/secure.gravatar.com\/avatar\/0de4fed4ea2fd2347884de250c661a0571a5e025c5952a981d49a06b4cf78b55?s=100&#038;d=mm&#038;r=g' class='avatar avatar-100 photo' height='100' width='100' \/>\t\t\t\t\t<p>Nobody likes a broken website. Especially website owners. This is why using a staging (test) site is highly recommended, where you can test any changes and updates to your website without disturbing the traffic on your live site or even wrecking it.<\/p>\n<p>During the workshop I will demonstrate two different methods of setting up a staging site (remote and local) with the help of WordPress plugins and some free software.<\/p>\n\n\t\t\t\t\t\t\t\t\t<\/div>\n\t\t\t<\/div>\n\n\t\t\t<\/div><!-- .wcorg-sessions -->\n\n\t\n","protected":false},"excerpt":{"rendered":"<p>Etat au 14 ao\u00fbt. Sous r\u00e9serve de modifications.<\/p>\n","protected":false},"author":105030,"featured_media":0,"parent":0,"menu_order":0,"comment_status":"closed","ping_status":"closed","template":"","meta":{"jetpack_post_was_ever_published":false,"footnotes":""},"class_list":["post-9","page","type-page","status-publish","hentry"],"jetpack_sharing_enabled":true,"jetpack_shortlink":"https:\/\/wp.me\/P9HzQn-9","_links":{"self":[{"href":"https:\/\/lausanne.wordcamp.org\/2018\/wp-json\/wp\/v2\/pages\/9","targetHints":{"allow":["GET"]}}],"collection":[{"href":"https:\/\/lausanne.wordcamp.org\/2018\/wp-json\/wp\/v2\/pages"}],"about":[{"href":"https:\/\/lausanne.wordcamp.org\/2018\/wp-json\/wp\/v2\/types\/page"}],"author":[{"embeddable":true,"href":"https:\/\/lausanne.wordcamp.org\/2018\/wp-json\/wp\/v2\/users\/105030"}],"replies":[{"embeddable":true,"href":"https:\/\/lausanne.wordcamp.org\/2018\/wp-json\/wp\/v2\/comments?post=9"}],"version-history":[{"count":9,"href":"https:\/\/lausanne.wordcamp.org\/2018\/wp-json\/wp\/v2\/pages\/9\/revisions"}],"predecessor-version":[{"id":1592,"href":"https:\/\/lausanne.wordcamp.org\/2018\/wp-json\/wp\/v2\/pages\/9\/revisions\/1592"}],"wp:attachment":[{"href":"https:\/\/lausanne.wordcamp.org\/2018\/wp-json\/wp\/v2\/media?parent=9"}],"curies":[{"name":"wp","href":"https:\/\/api.w.org\/{rel}","templated":true}]}}